s the units digit of 352266?
6
What is the tens digit of 1791949?
4
What is the hundred thousands digit of 115856?
1
What is the tens digit of 450042?
4
What is the ten millions digit of 13477487?
1
What is the units digit of 1254534?
4
What is the ten thousands digit of 255986?
5
What is the hundred thousands digit of 869665?
8
What is the ten thousands digit of 2590349?
9
What is the hundreds digit of 3203280?
2
What is the tens digit of 93686?
8
What is the hundreds digit of 341469?
4
What is the hundreds digit of 280963?
9
What is the thousands digit of 336551?
6
What is the units digit of 1633645?
5
What is the hundred thousands digit of 6794875?
7
What is the units digit of 96140?
0
What is the hundreds digit of 8185176?
1
What is the hundreds digit of 46841?
8
What is the units digit of 8772?
2
What is the ten thousands digit of 615952?
1
What is the thousands digit of 8793522?
3
What is the hundreds digit of 104246?
2
What is the hundred thousands digit of 1354097?
3
What is the tens digit of 337540?
4
What is the hundred thousands digit of 143075?
1
What is the tens digit of 13444226?
2
What is the thousands digit of 449101?
9
What is the units digit of 168030?
0
What is the tens digit of 278137?
3
What is the thousands digit of 92316?
2
What is the units digit of 483726?
6
What is the ten thousands digit of 114983?
1
What is the ten thousands digit of 21184?
2
What is the tens digit of 862781?
8
What is the tens digit of 150442?
4
What is the units digit of 432948?
8
What is the tens digit of 740853?
5
What is the thousands digit of 298138?
8
What is the hundreds digit of 2009275?
2
What is the tens digit of 1058285?
8
What is the units digit of 12871311?
1
What is the millions digit of 2284132?
2
What is the units digit of 91263?
3
What is the tens digit of 257859?
5
What is the units digit of 296846?
6
What is the ten thousands digit of 139073?
3
What is the thousands digit of 42650?
2
What is the tens digit of 166783?
8
What is the hundreds digit of 10809663?
6
What is the hundred thousands digit of 29681498?
6
What is the hundreds digit of 3154459?
4
What is the units digit of 17193840?
0
What is the thousands digit of 669356?
9
What is the hundred thousands digit of 249663?
2
What is the hundreds digit of 83092?
0
What is the units digit of 5675463?
3
What is the thousands digit of 17872626?
2
What is the ten thousands digit of 233763?
3
What is the tens digit of 7265927?
2
What is the millions digit of 7702668?
7
What is the thousands digit of 1613941?
3
What is the hundreds digit of 8733962?
9
What is the tens digit of 185219?
1
What is the ten thousands digit of 427667?
2
What is the millions digit of 8240375?
8
What is the hundred thousands digit of 275210?
2
What is the units digit of 6315088?
8
What is the ten thousands digit of 15049?
1
What is the hundred thousands digit of 9990324?
9
What is the hundred thousands digit of 1213508?
2
What is the millions digit of 14564929?
4
What is the hundreds digit of 746505?
5
What is the units digit of 102283?
3
What is the ten thousands digit of 35340754?
4
What is the ten millions digit of 26045028?
2
What is the units digit of 1570059?
9
What is the hundred thousands digit of 137250?
1
What is the tens digit of 542323?
2
What is the hundred thousands digit of 107700?
1
What is the hundreds digit of 278840?
8
What is the thousands digit of 1535854?
5
What is the ten thousands digit of 1189204?
8
What is the tens digit of 161238?
3
What is the hundreds digit of 2916217?
2
What is the ten thousands digit of 318468?
1
What is the thousands digit of 53570?
3
What is the units digit of 11749123?
3
What is the ten thousands digit of 497612?
9
What is the hundred thousands digit of 3482327?
4
What is the tens digit of 532702?
0
What is the hundred thousands digit of 3977458?
9
What is the ten thousands digit of 2941618?
4
What is the tens digit of 295604?
0
What is the thousands digit of 1583104?
3
What is the hundred thousands digit of 627087?
6
What is the hundreds digit of 2822071?
0
What is the millions digit of 3119626?
3
What is the ten millions digit of 30282312?
3
What is the hundreds digit of 8326623?
6
What is the ten thousands digit of 4513940?
1
What is the tens digit of 756607?
0
What is the hundreds digit of 353852?
8
What is the hundreds digit of 247813?
8
What is the hundred thousands digit of 823527?
8
What is the ten thousands digit of 8072276?
7
What is the hundreds digit of 86179?
1
What is the ten thousands digit of 633150?
3
What is the thousands digit of 1113329?
3
What is the ten thousands digit of 2858972?
5
What is the units digit of 26485668?
8
What is the thousands digit of 241528?
1
What is the hundreds digit of 1543715?
7
What is the units digit of 530526?
6
What is the tens digit of 427475?
7
What is the tens digit of 2468314?
1
What is the tens digit of 5964451?
5
What is the tens digit of 446413?
1
What is the millions digit of 2092135?
2
What is the ten thousands digit of 168140?
6
What is the units digit of 658833?
3
What is the units digit of 5330162?
2
What is the thousands digit of 2551666?
1
What is the ten thousands digit of 1253078?
5
What is the units digit of 115288?
8
What is the units digit of 958817?
7
What is the units digit of 350793?
3
What is the hundred thousands digit of 394735?
3
What is the units digit of 5629852?
2
What is the units digit of 84541?
1
What is the thousands digit of 916514?
6
What is the millions digit of 1514693?
1
What is the thousands digit of 3000247?
0
What is the ten thousands digit of 245726?
4
What is the units digit of 2572122?
2
What is the hundred thousands digit of 19002306?
0
What is the units digit of 1229087?
7
What is the ten thousands digit of 221723?
2
What is the units digit of 523788?
8
What is the thousands digit of 477893?
7
What is the thousands digit of 56952?
6
What is the thousands digit of 4605190?
5
What is the tens digit of 12229392?
9
What is the units digit of 1475950?
0
What is the units digit of 123847?
7
What is the ten thousands digit of 688746?
8
What is the thousands digit of 233864?
3
What is the hundred thousands digit of 592124?
5
What is the hundred thousands digit of 163013?
1
What is the hundred thousands digit of 4039518?
0
What is the thousands digit of 72851?
2
What is the millions digit of 1807630?
1
What is the hundreds digit of 2177522?
5
What is the thousands digit of 6677106?
7
What is the millions digit of 18607412?
8
What is the hundreds digit of 150807?
8
What is the hundred thousands digit of 201089?
2
What is the hundred thousands digit of 2895916?
8
What is the millions digit of 8425757?
8
What is the ten thousands digit of 1084806?
8
What is the hundreds digit of 4974514?
5
What is the thousands digit of 288858?
8
What is the tens digit of 293145?
4
What is the thousands digit of 104104?
4
What is the thousands digit of 14833645?
3
What is the hundreds digit of 13024841?
8
What is the ten thousands digit of 14109865?
0
What is the millions digit of 12945905?
2
What is the hundreds digit of 548970?
9
What is the hundreds digit of 3761961?
9
What is the ten millions digit of 11517252?
1
What is the ten thousands digit of 8313806?
1
What is the hundred thousands digit of 648480?
6
What is the hundreds digit of 203786?
7
What is the hundreds digit of 12002953?
9
What is the hundred thousands digit of 277211?
2
What is the hundreds digit of 622377?
3
What is the tens digit of 5783599?
9
What is the tens digit of 21445592?
9
What is the hundreds digit of 173464?
4
What is the thousands digit of 867542?
7
What is the ten thousands digit of 664426?
6
What is the units digit of 856656?
6
What is the ten thousands digit of 463904?
6
What is the units digit of 9864387?
7
What is the thousands digit of 34174?
4
What is the hundreds digit of 78702?
7
What is the units digit of 12554?
4
What is the millions digit of 10057785?
0
What is the hundred thousands digit of 27770888?
7
What is the ten thousands digit of 1606313?
0
What is the units digit of 69652?
2
What is the ten thousands digit of 155613?
5
What is the tens digit of 184990?
9
What is the thousands digit of 6050103?
0
What is the hundreds digit of 2098941?
9
What is the ten thousands digit of 985647?
8
What is